*c + 5*t, 3*t = -4*c + 2*t + 394. List the prime factors of c.
2, 7
Let r(y) = y + 30. Let g be 1/(-2) + 3/6. Let b be r(g). Suppose 0 = -5*u + b - 5. List the prime factors of u.
5
Let v(g) = g**3 + 7*g**2. Let w be v(-7). Let d(s) = 10*s - 4. Let q be d(5). Suppose -l - l + q = w. List the prime factors of l.
23
Let y(i) = -54*i - 55. List the prime factors of y(-10).
5, 97
Suppose 2*y + 4*p - 51 = -p, -4*y + 2*p + 90 = 0. List the prime factors of y.
23
Let z(l) = -15*l - 15*l**2 + l**3 + 2 - 2*l**3 - 1. What are the prime factors of z(-14)?
3, 5
Suppose -30 = -0*u - 5*u. Suppose -38 = -u*r + 46. What are the prime factors of r?
2, 7
Let x(c) = c**3 + 7*c**2 - 10*c - 16. Let y be x(-8). List the prime factors of y*5/20 - -49.
7
Suppose -p = -6*p - 20. Let j be 13 + (6*2)/p. Suppose 8 = 4*u, u + 66 + j = 3*o. What are the prime factors of o?
2, 13
Let p = -30 - -34. Let j(m) = 15*m + 7. List the prime factors of j(p).
67
Let a(s) = -2*s - 13. Let k be a(0). Let y(d) = -2*d - 20. List the prime factors of y(k).
2, 3
Suppose 4*q + s + 2*s - 20 = 0, -2*q + 24 = 5*s. Let v = -279 - -279. Suppose v = -q*l - 0*l + 112. What are the prime factors of l?
2, 7
Suppose -h + 5 = 2*a, a - 9 = -a + 3*h. Suppose a*t + 240 = -t. List the prime factors of t/(-9)*(-6)/(-4).
2, 5
Let n = 171 + -119. Let s = n - 0. List the prime factors of s.
2, 13
What are the prime factors of 13/(-78) + 5594/12 + -1?
3, 5, 31
Let l(m) = -m**3 + 18*m**2 - 26*m - 14. What are the prime factors of l(16)?
2, 41
What are the prime factors of 802/4*(-5 + -5)/(-5)?
401
Let c(j) = -2*j - 21. Let w be c(-13). Suppose g + 2*n - 23 = 0, 3*g - 29 = 2*g - w*n. What are the prime factors of g?
19
Let k = 53 - 20. Let x = k + -30. What are the prime factors of x?
3
Suppose -45 = 5*x - 0*x. Let i = 9 - x. What are the prime factors of 6/i - 20/(-3)?
7
Let t = -14 - -8. Let z be (t/12)/((-1)/2). Let a = z - -11. List the prime factors of a.
2, 3
Let t be (-1)/(5/1890*-3). Let c = -79 + t. What are the prime factors of c?
47
Suppose 0 = -y + 8*x - 3*x + 1439, 2*y + 5*x - 2893 = 0. Suppose 3*z + 3*t - 2*t - 872 = 0, -5*z - 4*t + y = 0. List the prime factors of z.
2, 73
Let o = 21 + -8. What are the prime factors of 3*17 + (13 - o)?
3, 17
What are the prime factors of ((-4)/(-8))/((-13)/(-20358))?
3, 29
Let k(f) = 3*f - 18. Let u be k(14). Let t be 1/(-2)*10/(-1). Suppose -5*v = b - 14, t*v + 4*b - u = v. What are the prime factors of v?
2
Let j be 48/15 - (-2)/(-10). Suppose 0 = 3*u + j*k - 66, -5*u + 3*k = 2*k - 98. Suppose -5*p + 4*p - 22 = -o, -5*p + u = 0. What are the prime factors of o?
2, 13
Suppose 4*v = -19 + 99. List the prime factors of 20 - (0 + v/5).
2
Let f = 4525 + -616. What are the prime factors of f?
3, 1303
Let k be 2/(-9) - 440/45. Let d(u) = -u**2 + 7*u + 14. Let x be d(k). List the prime factors of (6/(-9))/(4/x).
2, 13
Let i = 2894 + -1629. List the prime factors of i.
5, 11, 23
Suppose 7 = -5*o + 22. Let y be (-3 - -5 - o) + 1. Suppose 5*k - 190 = -y*k. What are the prime factors of k?
2, 19
Suppose -u + 2274 + 233 = i, -4*i - 3*u + 10027 = 0. List the prime factors of i.
2, 7, 179
Let k = 2348 - 1012. What are the prime factors of k?
2, 167
Let g(i) = 2*i**3 - 6*i**2 + 7. Let s = -13 + 18. List the prime factors of g(s).
107
Let k(b) = -b**2 + 2*b + 73. Let z be k(0). Let s be 44*(-3 + 2 + 0). Let m = s + z. What are the prime factors of m?
29
Let g = 2557 - 1422. List the prime factors of g.
5, 227
Suppose 5*r - 50 = 10*r. Let h(o) = 4*o + 6. Let g be h(r). List the prime factors of 4 - g/(-4)*-2.
3, 7
Suppose 52 = c + 3*c. Suppose -n + 3*n - c = 3*v, -5*n - 2*v + 4 = 0. Suppose 47 = n*z + 3*b, -3*b = 2*z - 5*b - 72. List the prime factors of z.
31
Suppose -3*a = 2*j - 1020, -j + 294 = 4*a - 1066. What are the prime factors of a?
2, 5, 17
What are the prime factors of 6/14 - 152022/(-91)?
3, 557
Suppose 4*p - 9 = -3*q + 11, -p + 4*q = 14. Let s(n) = 14 + 3 + 5*n**2 - 2 + 12*n - 4*n**p. What are the prime factors of s(-14)?
43
Suppose -56 = -3*y - w, 5*y - 5 = 3*w + 79. Let i = 12 - y. List the prime factors of 9/(i + 3) - -27.
2, 3
List the prime factors of 1051580/220 + (-2)/(-22).
2, 5, 239
Let m be (-6)/(6/(-5)) + 3/(-1). Suppose m*d = 3*k - 25, -2*k - d + 12 = -0*k. What are the prime factors of k?
7
Let k = -156 + 241. What are the prime factors of k?
5, 17
List the prime factors of 532 + (3/(-9))/((-3)/(-18)).
2, 5, 53
Let l(u) = -u**3 - 2*u**2 + 8*u + 3. Suppose -4*q = -2*q - 6, -3*q + 21 = -2*a. Let s be l(a). List the prime factors of 6/(-9)*s/(-6).
11
List the prime factors of (-7265)/(-35) + 6/14.
2, 13
Suppose 4*h - 2*y = 1944, -2*h + 10*y + 980 = 13*y. List the prime factors of h.
487
Suppose 2*g = -5*m + 3309, 0 = -3*g + 11*g - 3*m - 13305. What are the prime factors of g?
2, 3, 277
Suppose -105 = -4*x + 71. Let l = 58 + x. What are the prime factors of l?
2, 3, 17
Let r(q) = 354*q**2 + q - 3. List the prime factors of r(1).
2, 11
Suppose 4*b - 1252 + 416 = 4*n, 3*n = -9. Suppose -b + 42 = -2*i. What are the prime factors of i?
2, 41
Suppose -3*v = f - 1118, -5*f + 5578 = -0*f + 3*v. List the prime factors of f.
5, 223
Let x = 1 + 4. Let t be 4 - 59 - (-1 + x). Let l = t - -102. List the prime factors of l.
43
Let d = 2487 - 70. What are the prime factors of d?
2417
Let a = -127 - -400. What are the prime factors of a?
3, 7, 13
Let z be 14*(3 + 0)/6. Suppose 0 = -z*f + 4*f + 24. Suppose -27 - f = -d - 5*v, -125 = -4*d - 5*v. What are the prime factors of d?
2, 3, 5
Let x(t) = -5*t + 5*t - 18 - t + 4*t. Let d be x(8). Suppose 3*l - 56 = -4*w, w - 116 = -4*l + d*w. What are the prime factors of l?
2, 3
Suppose 0 = 2*l - 4*g - 4244, -2*l + 2075 + 2161 = -2*g. What are the prime factors of l?
2, 7, 151
Let o = 2565 - 1805. List the prime factors of o.
2, 5, 19
Suppose -4*v + 21 = 3*i, -38 = -4*i - v - v. Suppose -3 - 25 = -x - 5*h, 2*h = x - 21. Let u = i + x. What are the prime factors of u?
2, 17
Suppose 25724 = 12*v - 12028. List the prime factors of v.
2, 11, 13
List the prime factors of (5*(-2)/(-2))/((-10)/(-1900)).
2, 5, 19
Let s(m) = 4*m**3 + 7*m**2 + m - 5. What are the prime factors of s(3)?
13
Let t(m) = -1 - 1 - 36*m**2 + 7*m + 41*m**2 - 2*m**3. Let n(s) = -4*s**3 + 11*s**2 + 15*s - 4. Let h(b) = 4*n(b) - 9*t(b). What are the prime factors of h(3)?
2, 19
Let q be 0*(3 - (-10)/(-4)). Suppose 3*v - 7*v - 8 = 0, q = 5*s - v - 102. What are the prime factors of 488/s + (-10)/25?
2, 3
Suppose 2*h + 3310 = 2*j, 2*j + 0*j = -5*h + 3338. List the prime factors of j.
3, 7, 79
Let u(b) = -19*b - 38. Let l be u(3). Let p = l - -274. List the prime factors of p.
179
Let k be ((-36)/20)/((-1)/5). Let g = k + 52. What are the prime factors of g?
61
Suppose 13*f = 15*f. Suppose f = -4*d - 8, -3*d - 78 = -0*m - m. Suppose 5*u - 3*u = m. List the prime factors of u.
2, 3
Let m = 603 + -542. What are the prime factors of m?
61
Let c be (-1)/(-1)*21/(-7). Let k be ((-8)/(-6))/(c/(-99)). Suppose 0 = 3*p + 2*o - 81, -3*p + 46 + k = 5*o. What are the prime factors of p?
5
Suppose -358 = -2*d - 154. List the prime factors of d.
2, 3, 17
Let m = 57 - 44. What are the prime factors of (-4 + 1)/(m/(-325))?
3, 5
Let f = -10 - -15. Suppose -690 = -f*q - 5*y, 0 = 4*q - 3*y - y - 576. List the prime factors of q.
3, 47
Suppose 2*h + p - 28 = -3*p, 0 = 3*h - 4*p - 42. Let c = -11 + h. Suppose -4*a + 136 = 2*y, -c*y + 176 = 4*a + 36. List the prime factors of a.
2
Suppose 28*p - 8883 = 7*p. List the prime factors of p.
3, 47
Let b(x) = -x**3 + 16*x**2 - 14*x - 12. Let p be b(15). Suppose -p*j + 2*l - 50 = 4*l, 77 = -5*j + 3*l. What are the prime factors of (-2)/8 - 1044/j?
5, 13
Let s = 2 - 1. List the prime factors of -27*((-10)/15)/(s/2).
2, 3
Let x = -15 - -17. Let b(q) = x*q**3 - 3*q**3 - 3*q - 5*q**2 - 5 - 2*q**2. List the prime factors of b(-7).
2
Let z be (-9)/18 + (-17)/(-2). What are the prime factors of z + (-9)/(27/6)?
2, 3
Suppose -6*t + 8*t - 14 = 0. Let m be -1 + t/(21/9). Suppose 0 = 3*f - m*f - 19. List the prime factors of f.
19
Suppose -3*u - 3*c = -2*c - 1, -1 = 3*u - c. Suppose u = m - 105 + 25. Suppose -g = -3*f + 120, 0*g - m = -2*f - 2*g. List the prime factors of f.
2, 5
List the prime factors of 851 - 63 - (-2)/(-1).
2, 3, 131
Let l(m) = 6*m**2 + 